at is the ten thousands digit of x?
5
Suppose 2*v + 4*l = 60 - 10, -4*v + 60 = -2*l. Suppose 4*s = -9 + v. What is the units digit of (-5)/s*(4 + (-1188)/30)?
9
Suppose 113*y = 116*y + 243. What is the units digit of y/(-4 + 34/10)?
5
Suppose 0 = 9*a - 16013 - 11140. What is the units digit of a?
7
Suppose 4 = 5*x - 2*x + a, 4*x - a - 10 = 0. Suppose 2 = -5*s + z, -x*z = -3*s - 2*s + 1. What is the tens digit of (s + (-7)/(-2))*30?
7
Suppose 5*v - 1888 = 2*x - 6747, 3*x - 7261 = 2*v. What is the hundreds digit of x?
4
Suppose -4*d + 3*j = -16575, 4*d + 486*j - 491*j = 16577. What is the hundreds digit of d?
1
Let r = 14679 - 7178. What is the thousands digit of r?
7
Let c = -3239 - -20893. What is the ten thousands digit of c?
1
Suppose 5*s = 6 + 9. Suppose 5*l + s*m - 833 - 98 = 0, 0 = 4*m + 12. What is the units digit of l?
8
What is the hundreds digit of 12/(-7 - 5)*(1 - 8681)?
6
Let z(n) = 4123*n**2 + 106*n - 226. What is the tens digit of z(2)?
7
Suppose 130478 = 16*g + 286. What is the thousands digit of g?
8
Suppose 3*v = 67 - 61. Suppose 2342 = -v*b + 4*u + 370, 0 = -2*u + 6. What is the tens digit of (-1)/(-6) - b/24?
4
Let h(n) = 38 + 4*n**3 - 5*n**3 - 8*n + 0*n**3 + 13*n**2. What is the hundreds digit of h(6)?
2
Let n(r) = 0*r - 4*r + 5*r + 9. Let s be n(-6). Suppose 2*x - 120 = -s*x. What is the units digit of x?
4
Let l = -27000 - -54062. What is the ten thousands digit of l?
2
Let l(t) = -2327*t - 5454. What is the units digit of l(-6)?
8
Let s = 18 - 5. Let o be (-2)/(0 + (-2)/s). Suppose 9*j = o*j - 268. What is the units digit of j?
7
Let l(z) = -2*z**2 - 72*z + 3. Let v be l(-36). Suppose s = -5*s. Suppose v*r - 3*d = -s*d + 750, 0 = -4*r - 3*d + 972. What is the units digit of r?
6
Let z(u) = -291*u - 1418. What is the thousands digit of z(-58)?
5
Let d(u) = -u**3 - 8*u**2 - 5*u + 14. Let j(t) = 2*t + 4. Let r be j(16). Suppose w + r = 28. What is the tens digit of d(w)?
5
Suppose 8739 = 14*f + 88805. What is the units digit of (f/28)/((-1)/4)?
7
Suppose -136*o + 407032 = -53*o. What is the hundreds digit of o?
9
Let i be (-6 - -2) + -3*(-24)/18. Let k be -83 - 5 - i/(-2). What is the units digit of k/32*(-45 + 1)?
1
What is the tens digit of (-4)/(-48) + 7147935/540?
3
Suppose 15 - 14 = b. Let a be b/(-1 + -3) - (-825)/20. Suppose d - 24 = a. What is the units digit of d?
5
Let m = -52079 + 74715. What is the tens digit of m?
3
Let d(u) = 17042*u**2 - 397*u + 395. What is the thousands digit of d(1)?
7
Let t = -83 + 86. Suppose -4*i - 5*j = -t*i - 183, 4*j = -2*i + 390. What is the tens digit of i?
0
Let d = -8359 + 10554. What is the units digit of d?
5
Let o = 17542 - -11089. What is the hundreds digit of o?
6
Let l = -20440 + 29079. What is the thousands digit of l?
8
Suppose 23*q = 4606 - 420. Let t be (1 - (3 + -1))*-53. Suppose -t*v - q = -54*v. What is the hundreds digit of v?
1
Suppose -4*a + 16 = 0, -5*q - 2*a - 721 = -2*q. Let y = 450 + q. What is the units digit of y?
7
What is the units digit of 4 + (3487/22 - 9/(-6))?
4
Let z(i) = i**3 + 36*i**2 + 2*i + 67. Let v be z(-36). What is the thousands digit of ((-356)/v)/(5/75)?
1
Suppose 25 - 5 = -5*f, -32 = -4*d + f. Suppose -d*c + 328 = -176. What is the tens digit of c?
7
Let u(r) = 20*r**3 + r**2 - 3*r - 2. Let q = 11 - 14. Let g be u(q). What is the units digit of g/(-16)*(8 + -4)?
1
Let m(a) = -a**3 - 10*a**2 - 9*a - 9. Let v be m(-9). Let k(h) = -2 - 7 - 6 - 11*h. What is the units digit of k(v)?
4
Let b(o) = 20*o**2 - 4*o + 10. Let v be b(7). Suppose -5 = y, 0 = 4*k - 5*k - y + v. What is the hundreds digit of k?
9
Let u be 1/(-2)*(0 - -4)*1. Let l be (u/(-4) + -1)/(3/(-12)). Suppose -5*r + l*r + 690 = 0. What is the hundreds digit of r?
2
What is the thousands digit of 56/(-182) + (-3675632)/(-208)?
7
Suppose 17120 = -4*i + 3752. What is the tens digit of (i/8)/((-15)/20)?
5
Let s = -1 - -1. Let t(h) = -82*h + 2136. Let j be t(26). Suppose s = m - j*b - 30 - 9, -200 = -4*m + 5*b. What is the units digit of m?
5
Suppose 79*q - h = 82*q - 20472, 0 = -2*h. What is the tens digit of q?
2
Suppose -4*b + 639 = -2765. What is the units digit of b?
1
Let i(t) = 2*t**2 + 53*t + 47. Let z be i(-26). What is the tens digit of z/12*(10 - -158)?
9
Suppose -2*n + 8 = -2*q, -14 = n - 3*n + 5*q. Suppose -36 = -p + n*o, 138 + 72 = 5*p + 5*o. What is the units digit of p?
0
Let q(h) = -h**2 + 2. Let i be q(0). Suppose 3*k + 6 = i*g, 2*g - 3 = 4*k + g. Suppose -4*v + 3*v + 73 = k. What is the units digit of v?
3
Let d(q) be the first derivative of q**4/6 - 5*q**3/3 + 7*q**2/2 + 16*q + 12. Let b(o) be the first derivative of d(o). What is the tens digit of b(6)?
1
Suppose -342 = -2*b - 0*b + 5*q, 0 = -2*b - 5*q + 302. Suppose 2058 = 7*j + b. What is the hundreds digit of j?
2
Suppose -2 = 4*u - 22. Suppose 2*t + 60 = -u*h, 5*t + 54 = -3*h - 1. Let c = h + 96. What is the units digit of c?
6
What is the tens digit of (34/3)/((-862)/1036 - 25/(-30))?
0
Let o be -2 - ((2 - -2) + 15). Let a be 6/o*1*(1 + -8). What is the tens digit of (-1 + a)/1*89?
8
Let m(l) = -5*l + 28. Let n(a) be the third derivative of -a**5/60 - 3*a**4/8 + 13*a**3/6 - 17*a**2. Let o be n(2). What is the tens digit of m(o)?
7
Let r(l) = 1652*l**2 - 107*l - 331. What is the thousands digit of r(-3)?
4
Let v(u) = u**3 + 16*u**2 - 41*u - 28. Let c be v(-12). Let l = c - 889. What is the units digit of l?
1
Let q(s) = -2*s**3 - 24*s**2 + 34*s - 8. Let i be q(-21). Suppose -11*p - 5*p + i = 0. What is the units digit of p?
1
Let p(g) = 4*g**3 - 36*g**2 - 4*g - 121. What is the tens digit of p(15)?
1
Let g(w) = 8593*w**3 + 4*w**2 - 19*w + 16. What is the tens digit of g(1)?
9
Let k(h) = 26*h**3 - 4*h**2 - 7*h + 15. Let s be k(6). Let a = s + -3583. Suppose 11*l - 140 = a. What is the tens digit of l?
8
Let t = -379 + 385. Let u(k) = 20*k**2 + 20*k - 28. What is the tens digit of u(t)?
1
Let f = 1084 - -342. Suppose 5*h = -4*z + 1642, -4*h + 2*z - 128 = -f. What is the hundreds digit of h?
3
Let n be ((-4562)/4)/((62/(-24))/(-31)). What is the tens digit of (-8)/(-36) - n*(-2)/(-27)?
1
Let p(w) = 170*w - 78. Let g be p(6). Suppose -71*b + 70*b = -g. What is the hundreds digit of b?
9
Let d be 642/(-4)*160/(-24). Let a = d + -757. What is the units digit of a?
3
Let a(b) = -5624*b - 9042. What is the thousands digit of a(-12)?
8
Suppose 0 = -5*c - 2*m + 7, -c = -4*m - 28 + 9. Suppose 3*p + 4 + 13 = 2*x, -c*x = 4*p. Suppose r + x*r = 365. What is the units digit of r?
3
Let n(f) = -f**2 - 13*f + 24. Let l(r) = -2*r + 1. Let q(m) = l(m) - n(m). What is the tens digit of q(8)?
2
Suppose 5*q - 31851 = 4*r, 10*q - 5*q = 2*r + 31853. What is the hundreds digit of q?
3
Let n be (18/(-4))/((-15)/90). Suppose 0 = -14*b + 83 - n. Suppose -2*j = -b, -5*x + 5*j = -355 - 50. What is the tens digit of x?
8
Suppose 2*g - 2*h = -3*h + 108, 5*g - 5*h - 285 = 0. Let y(i) = -i**2 - i + 1. Let b be y(-2). Let s = g + b. What is the units digit of s?
4
Let u be 40/(-15)*18/12. Let i(y) = 2*y + 3. Let f be i(-1). What is the units digit of u/f*2*303/(-24)?
1
Let d(f) = -f + 1. Let o(y) = 4*y**2 + 2*y - 20. Suppose -5*i = 2*v + 3, -5*i = -5*v + 4 + 6. Let l(q) = v*o(q) - 2*d(q). What is the tens digit of l(5)?
9
Let p(v) = 1522*v**2 - 34*v + 87. What is the hundreds digit of p(3)?
6
Suppose 0 = -2*x - 76*c + 77*c + 10006, -20018 = -4*x - c. What is the hundreds digit of x?
0
Let g = -2097 + 42266. What is the tens digit of g?
6
Let c = -16593 + 32943. What is the ten thousands digit of c?
1
Suppose 0 = -3*p - 5*a + 200, -p - 52 = -2*p + 2*a. Suppose -17*c + 20*c = p. Let t = c + 12. What is the units digit of t?
2
Let j(g) = 2*g**2 + 413*g - 728. What is the units digit of j(99)?
1
Let d(q) = -q**3 - 145*q**2 - 1014*q + 38. What is the tens digit of d(-138)?
6
Suppose -1050*z = -2*y - 1053*z + 136738, 2*z + 205094 = 3*y. What is the ten thousands digit of y?
6
Suppose -3728 = 68*l - 75706 - 230758. What is the thousands digit of l?
4
Let v = -140 - -83. Let j = 37 + -51. Let x = j - v. What is the tens digit of x?
4
Let j(v) = 52*v**2 - 9*v - 14. Let c(u) = -u**3 + 4*u**2 + u + 16. Let g be c(5). What is the units digit of j(g)?
4
Let a(t) = t**3 - t. Let u(p) = -9*p**2 + 11*p - 13. Let o(d) = a(d) - u(d). Let y be o(-10). Suppose y 